ppose -17*u - 98 = -3*u. Let b(s) = -s**3 - 6*s**2 + 3*s - 3. Calculate b(u).
25
Let c(f) = -f**2 - 10*f + 19. Let t(r) = -2*r**2 - 9*r + 18. Let l(b) = -3*c(b) + 2*t(b). Let i be 31 - (-504)/(-46 + 22). Give l(i).
-1
Let v be (4 - (-35)/(-10))/((-2)/(-12)). Let q(r) = 11*r - 3*r**3 - 11*r + 1 + 2*r**v. Suppose 4*t = -0 - 4. Calculate q(t).
2
Let u = 2 - -3. Let q(j) be the first derivative of j**3/3 - 3*j**2/2 - 2*j - 65692. What is q(u)?
8
Let l(o) = o + 1. Let i(t) = -2*t**2 - 4 + 5*t - t**2 + 2*t**2 + 2*t**2. Let y(b) = i(b) - 6*l(b). Calculate y(0).
-10
Suppose 4*w = -c - 47, -31 = 3*w + 13*c - 8*c. Let b(v) = v + 10. What is b(w)?
-2
Suppose 33 - 6 = 3*s + 3*p, 8 = -3*s + 4*p. Suppose 2*i - 12 = -s*g, 6*i - 3*i = -3*g + 3. Let h(r) = 2*r - r - 3*r + 3. Calculate h(i).
11
Suppose -56*s + 58*s - 22 = 0. Suppose r = -22*m + 19*m + 18, s = m + 2*r. Let v(w) = w**3 - 7*w**2 + 11*w - 3. Calculate v(m).
2
Let g = -251 + 284. Suppose -5*o = 4*w - 6*o - 44, 3*w + o = g. Let z(j) = -j**2 + 12*j - 11. Calculate z(w).
0
Let b be (-9 + 11)*2/(-4). Let o(q) = -3 - 13 - 13*q + 17 - 4*q. What is o(b)?
18
Let h(r) = -26*r**2 - 8*r - 7. Let g(k) = -6*k**2 - 1. Let f = 559 + -558. Let q(t) = f*h(t) - 4*g(t). Determine q(-4).
-3
Let i(g) = -4*g. Suppose -2*r - 2*n + 356 = 0, 5*r + n - 935 = 5*n. Let f = r - 178. Calculate i(f).
-20
Suppose -3*a + 6 = -2*s, 3 = -2*a + 3*s + 2. Suppose a*b = 29*b + 100. Let c(l) be the second derivative of l**3/2 - 5*l**2/2 - 3*l. Determine c(b).
-17
Let a = 51 - 46. Let j(h) be the second derivative of -14*h**3/3 - 5*h**2 - 2*h. Let z(n) = -9*n - 3. Let w(o) = a*j(o) - 16*z(o). What is w(2)?
6
Let y(x) be the second derivative of -2*x**3/3 + 27*x**2 - 20*x. Let d = -29 - -42. Let i be y(d). Let r(o) = o**2 - 3*o + 1. Give r(i).
-1
Let s = -34 + 37. Let k(v) = 1859 + 0*v**2 + 3*v - 3761 + 1905 - 3*v**2. Calculate k(s).
-15
Suppose 9*f + 873 - 1062 = 0. Let s(g) = -6*g**2 + 125*g + 25. Give s(f).
4
Let m be (-1 + 1)*(18 - 17)*3/27. Let x(c) = 5*c**3 - 5*c**2 + 3*c - 1. Let d(j) = j**3 - j**2 + j + 1. Let z(w) = 4*d(w) - x(w). What is z(m)?
5
Let k(y) = -49*y**2 - 299*y + 82. Let d(t) = 2*t**2 + 11*t - 3. Let n(x) = -27*d(x) - k(x). Suppose 2*i - 5*o - 29 = -12, 0 = -3*i + 4*o + 15. Calculate n(i).
-4
Let u be 30/(-21) + (-15)/(-35). Let v(k) = k - 29. Let c(h) = 111 - 35 - 38 - 37. Let a(b) = u*v(b) - 6*c(b). What is a(11)?
12
Suppose -4*r = 3*p - 14, -2*r - 2 = 2*r - 5*p. Let n(q) = 6*q + q**r - q + 71 - 69. Determine n(-3).
-4
Let y(f) = 11432*f - 5687*f - 11 - 5709*f. Calculate y(2).
61
Let c(q) = q**2 + 6*q - 2. Let g(j) = -j**2 - 9*j + 8. Let b be g(-9). Suppose m = -f + 44, -4*f + 0*f = -8. Suppose -p + m = -b*p. Calculate c(p).
-2
Let y be -44*((20/8)/(-5))/2. Let v(r) = -2*r**3 + 21*r**2 + 11*r + 9. Let m be v(y). Let k(n) = -n - 1. Calculate k(m).
-10
Let q(f) be the first derivative of 3*f**2 + 23*f + 6214. Determine q(-10).
-37
Let n(t) = -72 + 14*t + 22*t + 6*t - 37*t. Give n(15).
3
Let o(y) be the first derivative of 17*y**2 - 208*y - 10215. What is o(6)?
-4
Let g(k) = -108*k**3 - 7*k**2 + 18 + 32*k**3 + 40*k**3 + 35*k**3 + 4*k. Calculate g(-7).
-10
Let a(o) = 1 - 5 - 1494*o + 10 + 1491*o. Determine a(-7).
27
Let y(o) = o**2 - 5*o + 3. Let p be 0/(2 + 2) + 28. Suppose p = 5*l - 17. Suppose -l = 3*r - 6*r. Determine y(r).
-3
Let v(c) = c**2 - 11*c - 1. Let l(j) = 4*j**2 + 17*j - 8. Let r(w) = -w**2 - 5*w + 3. Let f(k) = 4*l(k) + 14*r(k). Let n be f(0). What is v(n)?
-11
Let d(b) = 8*b**2 + b. Let i be d(-1). Let w(v) = 10 + 3395*v + 3 - 3396*v. Determine w(i).
6
Let h(a) be the first derivative of -9*a**4/4 - a**3/3 + a**2/2 + a + 6917. Suppose -1 + 5 = -4*m. Give h(m).
8
Let i(t) = -6*t - 16. Let d(y) = -3*y**2 - 27*y - 4. Let j be d(-9). What is i(j)?
8
Let t(r) = -8*r. Let f(h) = 81 + 79 - 160 - h. Let q(j) = 2*f(j) - 2*t(j). Determine q(-1).
-14
Let v = -5 + -1. Let d(i) = 3*i + 5. Let c(q) be the first derivative of -q**2/2 - 2*q + 346. Let y(f) = -2*c(f) - d(f). Give y(v).
5
Let n(w) = 2*w**2 - 6*w - 3. Let v be -1 + (0 - -5) + 10/1. Let d be v/2 - (-1 + 2). Determine n(d).
33
Let i(b) = -b**3 + b**2 - b. Suppose 9 + 6 = 5*v. Suppose 66 = 3*h + v*h. Let p be h/(-4) - (6 - 162/24). What is i(p)?
14
Let x(s) = -s**3 - 2*s**2 - s - 1. Suppose 0*j + j + 2 = 0. Let b(d) = -257 + 7*d + 256 - 6*d + 2*d - 4*d. Let q(a) = j*b(a) + x(a). Determine q(-2).
-1
Let a(f) = 34*f**2 + 34*f**2 + 33*f**2 + 19*f - 5 - 143*f**2 + 33*f**2. Calculate a(2).
-3
Let b(w) = -w - 1. Let f be (-87)/(-2) - 13/((-234)/(-27)). Let l be (-24)/f - (-50)/14. What is b(l)?
-4
Let f(z) = 5*z**2 - 60. Let m be f(0). Let j = -56 - m. Let g be 1/(-2*j/(-48)) - 2. Let k(q) = -q**3 + 3*q**2 + 4*q - 1. Calculate k(g).
-1
Let q(x) = x**3 - 4*x**2 + 4*x - 3. Suppose -j + 5*g - 7*g = -12, 9 = 2*j + g. Suppose -j*u + 5*b = 2*b - 7, 5*b = u. What is q(u)?
42
Let j(w) = w**3 - 51*w**2 + 96*w + 101. Suppose 2*d - z = 105, 10*z - 7*z + 21 = 0. Determine j(d).
3
Let a(x) be the second derivative of -9*x**5/20 - x**2/2 + 51*x. Let b(r) = -r**3 - 21*r**2 - 20*r + 1. Let i be b(-20). Determine a(i).
-10
Let j(y) = -y + 27. Let w(q) = -2*q + 74. Let c(a) = -8*j(a) + 3*w(a). Determine c(-2).
2
Suppose -5*m + 35 = 0, 2*s - 64 = 4*m - 86. Let k(x) = 8*x + 11. Give k(s).
35
Let q(n) be the second derivative of n**4/12 + 13*n**3/6 + 17*n**2/2 + n - 3177. Calculate q(-8).
-23
Let y(o) = -83*o**3 - 3*o**2 + 5*o - 1. Let t(u) = 252*u**3 + 9*u**2 - 16*u + 3. Let v(f) = 2*t(f) + 7*y(f). Give v(1).
-78
Let q(r) = -r**2 - 9*r + 4. Let x(o) = o**2 + 15*o - 550. Let s be x(-32). Determine q(s).
22
Let b(t) = -t**2 - 31*t - 28. Let o be b(-30). Let z(y) = -2 + y - 8*y**2 + 10*y**2 + y**o. What is z(-2)?
8
Let c(h) = -9220*h**3 + 9219*h**3 - 9*h**2 + 5*h + 4 - 4 - 9. Calculate c(-10).
41
Suppose 3*d + 72 = 21*d. Suppose 20 = d*r, 0 = -3*p + 3*r - 4*r + 23. Let q(x) = x**3 - 6*x**2 - x. Calculate q(p).
-6
Let m be 1 + (-5)/10*-8. Let h(v) = 2*v**2 + v - 5. Let d(z) = -3*z**2 - z + 8. Let a(x) = 5*d(x) + 7*h(x). Calculate a(m).
-10
Let c(q) = -10*q + 6. Let j(x) = -18*x + 11. Let t be ((-16)/6)/(-8)*-12. Let i(h) = t*j(h) + 7*c(h). Calculate i(3).
4
Let r(n) = n**3 + 4*n**2 - 2*n + 1. Let q be r(-3). Suppose q*t + 125 = -67. Let d be (-6)/t*(2 - -8). Let p(h) = -h**3 + 4*h**2 + 8*h - 6. What is p(d)?
9
Suppose 0 = 6*q + 76 - 460. Suppose 4*i - q = -32. Let z(c) = c**2 - 6*c - 9. Determine z(i).
7
Let r(t) = t**3 - t**2 - t - 13. Let n be 11/(66/(-36)) - 541. Let f = n + 547. What is r(f)?
-13
Let b(m) = -3*m**2 - 4*m. Let a = 51 + 7. Let s = -84 + a. Let h = 23 + s. Determine b(h).
-15
Let m(k) = 15*k + 0 + 7*k**3 - 4 - 4 - 8*k**3 - 15*k**2 + 19*k**2. Calculate m(7).
-50
Suppose -13*g + 20 = -15*g. Let q = 4 - g. Let n(k) = 36*k - 1 - 15*k - q*k. What is n(1)?
6
Let b be 1/(((-7)/6)/(-7)). Let k(m) = -2*m - b + 5*m - 8*m + 4*m. Suppose -2*v + 28 = -6*v. Calculate k(v).
1
Let c(w) = -102*w**3 - 4*w**2 + 10*w + 46. Let j(g) = -102*g**3 - 5*g**2 + 12*g + 60. Let i(t) = -4*c(t) + 3*j(t). Give i(-1).
-101
Let o = 137 - 133. Let p(g) = -7*g + 15*g + o - 2*g. Let q(w) = -w**3 - 4*w**2 + 2*w + 5. Let m be q(-4). What is p(m)?
-14
Let a be 6/21 - (-52)/14. Let j(r) = -118*r + 26*r + 94*r - 4. Calculate j(a).
4
Let h(i) = 2*i - 4. Let d(g) = 10*g - 10*g**2 - 1337 + 2*g**3 - 1339 + 2676 + 3*g**3. Let b be d(1). Calculate h(b).
6
Let o(c) = -28944*c**2 + 159 + 14470*c**2 + 30*c + 14472*c**2. Give o(19).
7
Let s(n) = -19*n**2 + 51*n. Let z(u) = -145*u**2 + 392*u + 1. Let a(p) = -23*s(p) + 3*z(p). Suppose m + 4*m + 2*y = 0, 0 = 2*m - 4*y + 24. Give a(m).
5
Let q(p) be the second derivative of p**5/20 - 5*p**4/12 + p**3/3 - 2*p**2 - p. Let a = -139 + 143. Let u be (-1)/((13/a)/(-13)). Give q(u).
-12
Let q = -196 + 186. Let o(r) = -7*r**2 - 12*r - 7. Let j(v) = -13*v**2 - 24*v - 15. Let b(l) = -6*j(l) + 11*o(l). Give b(q).
-7
Let u(f) = 131 - 4*f + 154 - 324. Calculate u(-7).
-11
Let w(k) = 18*k**2 + 2*k + 1. Let b(j) = -j**3 + j**2 + 4*j + 2. Let c be b(-2). Let r be (1 - 7)*5/(15/c). Let v = 11 + r. What is w(v)?
17
Let k(t) be the first derivative of -t**4/4 - 4*t**3 + 15*t**2/2 + 18*t + 3001. Suppose 90 - 12 = -6*d. What is k(d)?
-8
Let m(f) be the first derivative of 27*f**2/2 + 14*f - 2